19c0 (base 14) to base 16.
27ee84
Convert -205116 (base 8) to base 15.
-152ee
Convert a7621 (base 14) to base 10.
404573
What is -21202010002 (base 3) in base 16?
-2537c
Convert -522000015 (base 6) to base 12.
-304600b
-471365 (base 9) to base 3
-112101102012
Convert -11011010111111000 (base 2) to base 8.
-332770
-3b0f1d (base 16) to base 6
-214542541
1654436 (base 8) to base 7
4043661
-131503210 (base 6) to base 2
-1001111100001001110110
Convert -121253 (base 7) to base 10.
-22088
What is -32db2 (base 15) in base 6?
-3244405
23221101 (base 4) to base 10
47697
Convert -610343 (base 8) to base 10.
-200931
54355 (base 10) to base 7
314320
1507305 (base 11) to base 2
1001110111011110000101
Convert -4f582 (base 16) to base 6.
-10544334
261345 (base 15) to base 13
4bc54b
What is 2102013221 (base 4) in base 15?
bc505
401120 (base 9) to base 13
83b68
175427 (base 10) to base 7
1330310
-250550501 (base 6) to base 3
-100001002110201
What is 10000101001110110011 (base 2) in base 6?
15410243
Convert 216065 (base 7) to base 4.
21103220
Convert 816520 (base 12) to base 15.
29e3d9
-114723 (base 10) to base 13
-402ab
What is -15415171 (base 8) in base 13?
-971b7a
What is 851932 (base 11) in base 10?
1364068
What is -32205516 (base 7) in base 9?
-5137576
Convert 1573603 (base 9) to base 13.
24852c
-257773 (base 9) to base 8
-461737
324260 (base 11) to base 10
518067
Convert -322323010 (base 4) to base 14.
-63d52
Convert -131440234 (base 5) to base 2.
-10100000000101001110
Convert -23002310 (base 7) to base 3.
-10202122200102
What is -3938644 (base 12) in base 10?
-11274388
-143210301 (base 6) to base 2
-1011010001101111111101
45c18 (base 13) to base 5
13033103
What is -40513747 (base 8) in base 11?
-49161a6
What is -547a5 (base 11) in base 6?
-1412003
Convert -5e286 (base 16) to base 15.
-79415
Convert 4637657 (base 10) to base 11.
2688382
103323011323 (base 4) to base 10
5222779
d11d7 (base 15) to base 7
5424550
What is -6512361 (base 8) in base 11?
-a8a926
Convert 21012112120 (base 3) to base 7.
1130316
166821 (base 16) to base 13
3c5508
What is 12348583 (base 10) in base 9?
25211057
Convert 1556302 (base 8) to base 4.
1231303002
-1300650 (base 8) to base 7
-3032051
Convert 14b84b6 (base 13) to base 8.
31261511
What is -19685b (base 12) in base 3?
-211201020022
Convert 111100001100100101100101 (base 2) to base 7.
251062256
-1a25aa3 (base 12) to base 16
-5451db
Convert -17293c (base 15) to base 12.
-461786
-4404124 (base 6) to base 12
-a6644
Convert -69346 (base 13) to base 6.
-4035304
Convert 469170 (base 14) to base 5.
1104004112
What is 1123202113 (base 4) in base 5?
43444220
-75848 (base 11) to base 4
-122321102
1124016 (base 7) to base 4
202111203
-33213500 (base 7) to base 10
-2860865
Convert 41114413 (base 5) to base 6.
11043135
Convert -8a4a7 (base 12) to base 5.
-21340441
-b988c (base 15) to base 16
-8fd7e
6a4b89 (base 12) to base 14
326b21
34218 (base 12) to base 10
69428
-158ab3 (base 13) to base 2
-10000010010000000110
What is -22a36c4 (base 14) in base 5?
-13212402320
2440102 (base 5) to base 13
180aa
What is 89a3 (base 13) in base 2?
100101100011110
bc110 (base 14) to base 4
1233100202
-302a03 (base 11) to base 8
-1667164
Convert 100101000011110001 (base 2) to base 8.
450361
4a6aa (base 11) to base 8
216020
Convert -3202201220 (base 4) to base 11.
-584119
What is 68299 (base 10) in base 4?
100223023
-3003301110 (base 4) to base 5
-201130001
3342233 (base 5) to base 4
32122330
What is 21201002222 (base 3) in base 8?
450240
Convert 4124032 (base 5) to base 6.
1240000
What is 2674651 (base 8) in base 10?
752041
Convert -2010420110 (base 5) to base 13.
-a9ca95
1585b19 (base 12) to base 6
234235233
Convert 157534a (base 11) to base 13.
730993
Convert 21433401 (base 5) to base 6.
4000250
What is 10b0d6 (base 16) in base 11?
687906
What is -7523007 (base 9) in base 8?
-17300270
What is -1002111210102220 (base 3) in base 7?
-250206621
Convert -1002020212 (base 3) to base 11.
-15028
101111001101000101101 (base 2) to base 12
627179
Convert 131342521 (base 6) to base 16.
279991
What is 14677236 (base 8) in base 13?
9120c2
Convert -2664202 (base 8) to base 7.
-6232511
Convert 1047372 (base 8) to base 9.
470285
What is -202860 (base 10) in base 16?
-3186c
Convert -546053 (base 7) to base 13.
-34763
2342432 (base 5) to base 14
11bc8
Convert 1123233202 (base 4) to base 11.
237367
101012012002 (base 3) to base 12
98118
Convert 31301251 (base 6) to base 15.
12e9e1
77747 (base 12) to base 9
261141
21001001201120 (base 3) to base 11
2125764
What is 91937 (base 11) in base 5?
13243404
What is 652753 (base 10) in base 13?
19b15a
What is 100011010110010110001 (base 2) in base 15?
17d316
-8a174 (base 12) to base 5
-21332100
110b8 (base 13) to base 7
156054
Convert -4053669 (base 11) to base 16.
-6d5153
35103 (base 12) to base 8
212523
1233332312 (base 4) to base 5
104134203
What is 10110100111001000011 (base 2) in base 14?
154039
Convert 110101110000110 (base 2) to base 8.
65606
Convert -2715a (base 13) to base 11.
-4a722
Convert -124223142 (base 5) to base 8.
-2265521
Convert -29119 (base 15) to base 13.
-48042
36518 (base 16) to base 12
a8908
What is 4d703 (base 14) in base 5?
22100321
Convert 224313111 (base 5) to base 9.
1810013
What is -53733a (base 15) in base 3?
-21110212002001
What is 1818292 (base 11) in base 5?
1242214401
Convert 1000001011110001110 (base 2) to base 7.
2164564
What is 9858a4 (base 13) in base 16?
36aa84
-15403122 (base 6) to base 13
-1610c6
What is -1801 (base 9) in base 16?
-562
2560411 (base 9) to base 15
1c9287
What is 188925 (base 10) in base 16?
2e1fd
-4301211 (base 5) to base 7
-420035
What is -21422201 (base 5) in base 4?
-231121012
Convert 2569409 (base 12) to base 2.
11100000100000100001001
What is -1150761 (base 8) in base 9?
-531277
What is 1000000011100010011001 (base 2) in base 8?
10034231
What is -20351032 (base 6) in base 3?
-1002222012202
Convert -133b3b8 (base 14) to base 9.
-18427332
Convert -109b026 (base 13) to base 10.
-5108057
Convert 2041423011 (base 5) to base 8.
20151672
22d7 (base 16) to base 4
2023113
What is -5896184 (base 11) in base 2?
-100111001111010001100101
Convert 30211133212 (base 4) to base 11.
19538a6
7d14d (base 15) to base 12
172784
What is 26a832 (base 11) in base 5?
102034021
Convert -333868 (base 11) to base 2.
-10000001111010001111
What is 21052440 (base 9) in base 6?
1001055230
-13570611 (base 8) to base 9
-5708131
What is 11002211 (base 7) in base 2?
11100101111110100000
What is 33030321 (base 4) in base 12?
30049
What is -22331102 (base 5) in base 12?
-97132
Convert -312025 (base 8) to base 2.
-11001010000010101
Convert 3265442 (base 9) to base 5.
422141134
What is -362762 (base 11) in base 8?
-2142160
What is 1322410040 (base 5) in base 12?
1144691
What is -470546 (base 11) in base 2?
-10110110011101010010
Convert -106da14 (base 14) to base 8.
-35575662
What is -12011001011 (base 3) in base 9?
-164034
Convert -341433 (base 7) to base 11.
-41580
-10110000101001101000110 (base 2) to base 4
-112011031012
-171727 (base 9) to base 16
-19f39
What is -6c2c0 (base 13) in base 11?
-125a24
What is 210102011010 (base 3) in base 8?
1467141
-124219 (base 10) to base 3
-20022101201
-983b9 (base 16) to base 2
-10011000001110111001
-121157 (base 10) to base 2
-11101100101000101
What is 10022211 (base 3) in base 13?
1147
-1169042 (base 10) to base 11
-729356
-1638428 (base 9) to base 14
-19a304
6583313 (base 10) to base 12
2255955
Convert 10c8dea (base 15) to base 16.
b7896e
What is 704b (base 15) in base 9?
35448
2ea95 (base 16) to base 9
321151
fd4e (base 16) to base 13
23692
Convert 21230202 (base 7) to base 5.
430240102
Convert -26829 (base 10) to base 4.
-12203031
-2440c1 (base 14) to base 11
-777a79
327041 (base 9) to base 13
6ac36
Convert 34111103 (base 5) to base 13.
a6b9a
Convert -c2335 (base 14) to base 15.
-93610
What is 12d11 (base 14) in base 15?
db7c
-236853 (base 9) to base 16
-22e03
What is -8762c2 (base 16) in base 9?
-17622871
What is -16105734 (base 8) in base 14?
-6c6736
-15774a (base 15) to base 3
-1221201112221
Convert -23312244 (base 6) to base 16.
-b1004
Convert 1061b69 (base 12) to base 5.
1244120133
Convert -10203300000 (base 4) to base 8.
-4436000
Convert a83a86 (base 11) to bas